{"id":106,"date":"2019-12-26T06:57:13","date_gmt":"2019-12-26T06:57:13","guid":{"rendered":"https:\/\/conainmex.mx\/index.php\/about\/"},"modified":"2026-04-21T00:48:17","modified_gmt":"2026-04-21T00:48:17","slug":"about","status":"publish","type":"page","link":"https:\/\/conainmex.mx\/index.php\/about\/","title":{"rendered":"Nosotros"},"content":{"rendered":"\t\t<div data-elementor-type=\"wp-page\" data-elementor-id=\"106\" class=\"elementor elementor-106\">\n\t\t\t\t<div class=\"aux-parallax-section elementor-element elementor-element-9c57da3 e-flex e-con-boxed e-con e-parent\" data-id=\"9c57da3\" data-element_type=\"container\">\n\t\t\t\t\t<div class=\"e-con-inner\">\n\t\t<div class=\"elementor-element elementor-element-d12848d e-con-full e-flex e-con e-child\" data-id=\"d12848d\" data-element_type=\"container\">\n\t\t\t\t<div class=\"elementor-element elementor-element-c97ded0 aux-appear-watch-animation aux-fade-in-up-1 elementor-widget elementor-widget-aux_modern_heading\" data-id=\"c97ded0\" data-element_type=\"widget\" data-widget_type=\"aux_modern_heading.default\">\n\t\t\t\t<div class=\"elementor-widget-container\">\n\t\t\t\t\t<section class=\"aux-widget-modern-heading\">\n            <div class=\"aux-widget-inner\"><h2 class=\"aux-modern-heading-primary\">\u00bfPOR QU\u00c9 ELEGIRNOS?<\/h2><h3 class=\"aux-modern-heading-secondary\"><span class=\"aux-head-before\">Somos especialistas en controles<\/span><span class=\"aux-head-highlight\">y accesorios industriales<\/span><\/h3><div class=\"aux-modern-heading-description\"><p>Con una visi\u00f3n enfocada en <strong data-start=\"1301\" data-end=\"1340\">la innovaci\u00f3n, calidad y fiabilidad<\/strong>.<\/p><p>En <strong data-start=\"337\" data-end=\"350\">ConainMex<\/strong> entendemos que cada proceso industrial es diferente. Por eso ofrecemos soluciones personalizadas con<strong data-start=\"593\" data-end=\"637\">\u00a0t\u00e9cnicas confiables<\/strong>.<\/p><\/div><\/div>\n        <\/section>\t\t\t\t<\/div>\n\t\t\t\t<\/div>\n\t\t\t\t<div class=\"elementor-element elementor-element-d6b84da aux-appear-watch-animation aux-scale-up-1 elementor-widget elementor-widget-aux_image\" data-id=\"d6b84da\" data-element_type=\"widget\" data-widget_type=\"aux_image.default\">\n\t\t\t\t<div class=\"elementor-widget-container\">\n\t\t\t\t\t<section class=\"widget-container aux-widget-image aux-alignnone aux-parent-au39942df1\">\n    <div class=\"aux-media-hint-frame \">\n        <div class=\"aux-media-image \" >\n        \n            \n\n            \n            <img fetchpriority=\"high\" decoding=\"async\" width=\"2560\" height=\"1707\" src=\"data:image\/gif;base64,R0lGODlhAQABAIAAAAAAAP\/\/\/yH5BAEAAAAALAAAAAABAAEAAAIBRAA7\" class=\"aux-attachment aux-featured-image aux-attachment-id-164 aux-preload aux-blank\" alt=\"A woman who is an engineer, a boss, and wears a white hard hat and formal suit. She is observing her employees working at the construction site. Beautiful lighting. Realism. Boss! Female power --chaos 100 --ar 3:2 --style raw --sref https:\/\/s.mj.run\/ftkr9p5jztw --sw 800 --stylize 1000 Job ID: 8242a52a-9b9e-4820-861f-25520a8fd94e\" data-ratio=\"1.5\" data-original-w=\"2560\" data-src=\"https:\/\/conainmex.mx\/wp-content\/uploads\/2026\/01\/female-engineers-working-scaled.jpg\" \/>            \n                <\/div>\n    <\/div>\n\n<\/section><!-- widget-container -->\t\t\t\t<\/div>\n\t\t\t\t<\/div>\n\t\t\t\t<\/div>\n\t\t<div class=\"elementor-element elementor-element-d131d9a e-con-full e-flex e-con e-child\" data-id=\"d131d9a\" data-element_type=\"container\">\n\t\t\t\t<div class=\"elementor-element elementor-element-35a0ac2 aux-appear-watch-animation aux-fade-in-up-1 elementor-widget elementor-widget-aux_text\" data-id=\"35a0ac2\" data-element_type=\"widget\" data-widget_type=\"aux_text.default\">\n\t\t\t\t<div class=\"elementor-widget-container\">\n\t\t\t\t\t<section class=\"widget-container aux-widget-text aux-parent-au796f2d82\">        <div class=\"aux-widget-advanced-text aux-wrap-style-simple aux-ico-pos-left aux-text-left aux-text-resp- aux-text-color-dark aux-text-widget-bg-center  aux-text-padding-fix \" >\n        \n                            <div class=\"aux-text-widget-header \"  >\n                        <div class=\"aux-ico-box aux-ico-large aux-ico-shape-circle aux-ico-clear \">\n                            <i aria-hidden=\"true\" class=\"aux-ico fas fa-bullseye\"><\/i>                        <\/div>\n                <\/div>\n            \n            <div class=\"aux-text-inner aux-text-widget-content\">\n                                <h4 class=\"col-title\">Nuestro Objetivo<\/h4>\n                                <div class=\"widget-content\">\n                                        <p>Brindar soluciones integrales que acompa\u00f1en a tu negocio desde la selecci\u00f3n del equipo adecuado hasta su instalaci\u00f3n y mantenimiento.<\/p>                <\/div>\n                            <\/div>\n        <\/div>\n                    <div class=\"aux-text-widget-footer\">\n                <div class=\"aux-border-shape-none \">\n                                <\/div>\n            <\/div>\n        \n<\/section><!-- widget-container -->\t\t\t\t<\/div>\n\t\t\t\t<\/div>\n\t\t\t\t<div class=\"elementor-element elementor-element-d0e6f93 aux-appear-watch-animation aux-fade-in-up-1 elementor-widget elementor-widget-aux_text\" data-id=\"d0e6f93\" data-element_type=\"widget\" data-widget_type=\"aux_text.default\">\n\t\t\t\t<div class=\"elementor-widget-container\">\n\t\t\t\t\t<section class=\"widget-container aux-widget-text aux-parent-au19b49fa4\">        <div class=\"aux-widget-advanced-text aux-wrap-style-simple aux-ico-pos-left aux-text-left aux-text-resp- aux-text-color-dark aux-text-widget-bg-center  aux-text-padding-fix \" >\n        \n                            <div class=\"aux-text-widget-header \"  >\n                        <div class=\"aux-ico-box aux-ico-large aux-ico-shape-circle aux-ico-clear \">\n                            <i aria-hidden=\"true\" class=\"aux-ico far fa-star\"><\/i>                        <\/div>\n                <\/div>\n            \n            <div class=\"aux-text-inner aux-text-widget-content\">\n                                <h4 class=\"col-title\">Nuestra experiencia<\/h4>\n                                <div class=\"widget-content\">\n                                        <p>Contamos con personal t\u00e9cnico altamente capacitado con experiencia en la industria, comercializaci\u00f3n y servicio de productos para el manejo, control y medici\u00f3n de distintos tipos de fluidos y procesos industriales. Nuestra atenci\u00f3n est\u00e1 orientada a garantizarte equipos que cumplan con los m\u00e1s altos est\u00e1ndares de calidad.<\/p>                <\/div>\n                            <\/div>\n        <\/div>\n                    <div class=\"aux-text-widget-footer\">\n                <div class=\"aux-border-shape-none \">\n                                <\/div>\n            <\/div>\n        \n<\/section><!-- widget-container -->\t\t\t\t<\/div>\n\t\t\t\t<\/div>\n\t\t\t\t<div class=\"elementor-element elementor-element-d7de0a6 aux-appear-watch-animation aux-fade-in-up-1 elementor-widget elementor-widget-aux_text\" data-id=\"d7de0a6\" data-element_type=\"widget\" data-widget_type=\"aux_text.default\">\n\t\t\t\t<div class=\"elementor-widget-container\">\n\t\t\t\t\t<section class=\"widget-container aux-widget-text aux-parent-auc8bb08f7\">        <div class=\"aux-widget-advanced-text aux-wrap-style-simple aux-ico-pos-left aux-text-left aux-text-resp- aux-text-color-dark aux-text-widget-bg-center  aux-text-padding-fix \" >\n        \n                            <div class=\"aux-text-widget-header \"  >\n                        <div class=\"aux-ico-box aux-ico-large aux-ico-shape-circle aux-ico-clear \">\n                                                                <span class=\"aux-ico auxicon-time\" > <\/span>\n                                                            <\/div>\n                <\/div>\n            \n            <div class=\"aux-text-inner aux-text-widget-content\">\n                                <h4 class=\"col-title\">Nuestro compromiso<\/h4>\n                                <div class=\"widget-content\">\n                                        <p>Brindarte productos duraderos, asesor\u00eda profesional y respuesta r\u00e1pida para que tus operaciones funcionen con eficiencia y precisi\u00f3n. Nos esforzamos por construir relaciones de largo plazo con nuestros clientes, basadas en confianza, soporte t\u00e9cnico y soluciones a tu medida.<\/p>                <\/div>\n                            <\/div>\n        <\/div>\n                    <div class=\"aux-text-widget-footer\">\n                <div class=\"aux-border-shape-none \">\n                                <\/div>\n            <\/div>\n        \n<\/section><!-- widget-container -->\t\t\t\t<\/div>\n\t\t\t\t<\/div>\n\t\t\t\t<\/div>\n\t\t\t\t\t<\/div>\n\t\t\t\t<\/div>\n\t\t<div class=\"aux-parallax-section elementor-element elementor-element-a5a0554 aux-appear-watch-animation aux-mask-from-top e-flex e-con-boxed e-con e-parent\" data-id=\"a5a0554\" data-element_type=\"container\">\n\t\t\t\t\t<div class=\"e-con-inner\">\n\t\t<div class=\"elementor-element elementor-element-7ecf641 e-con-full e-flex e-con e-child\" data-id=\"7ecf641\" data-element_type=\"container\" data-settings=\"{&quot;background_background&quot;:&quot;classic&quot;}\">\n\t\t\t\t<div class=\"elementor-element elementor-element-ece08a6 aux-appear-watch-animation aux-fade-in-up-1 elementor-widget elementor-widget-aux_modern_heading\" data-id=\"ece08a6\" data-element_type=\"widget\" data-widget_type=\"aux_modern_heading.default\">\n\t\t\t\t<div class=\"elementor-widget-container\">\n\t\t\t\t\t<section class=\"aux-widget-modern-heading\">\n            <div class=\"aux-widget-inner\"><h2 class=\"aux-modern-heading-primary\">ConainMex es el aliado industrial que tu empresa necesita.<\/h2><div class=\"aux-modern-heading-description\"><p>Conf\u00eda en nuestra experiencia, nuestro equipo t\u00e9cnico y nuestra capacidad para ofrecer soluciones que realmente funcionan en campo.<\/p><\/div><\/div>\n        <\/section>\t\t\t\t<\/div>\n\t\t\t\t<\/div>\n\t\t\t\t<div class=\"elementor-element elementor-element-72ccf3c aux-appear-watch-animation aux-fade-in-up-1 elementor-widget elementor-widget-aux_button\" data-id=\"72ccf3c\" data-element_type=\"widget\" data-widget_type=\"aux_button.default\">\n\t\t\t\t<div class=\"elementor-widget-container\">\n\t\t\t\t\t<a  href=\"https:\/\/wa.link\/5mfr7z\" target=\"_blank\"   class=\"aux-button aux-medium aux-carmine-pink aux-curve aux-none aux-uppercase\" ><span class=\"aux-overlay\"><\/span><span class=\"aux-text\">CONT\u00c1CTANOS<\/span><\/a>\t\t\t\t<\/div>\n\t\t\t\t<\/div>\n\t\t\t\t<\/div>\n\t\t\t\t\t<\/div>\n\t\t\t\t<\/div>\n\t\t<div class=\"aux-parallax-section elementor-element elementor-element-61e71e8 e-con-full e-flex e-con e-parent\" data-id=\"61e71e8\" data-element_type=\"container\">\n\t\t<div class=\"elementor-element elementor-element-5a8177b e-con-full e-flex e-con e-child\" data-id=\"5a8177b\" data-element_type=\"container\">\n\t\t\t\t<div class=\"elementor-element elementor-element-a858972 aux-appear-watch-animation aux-fade-in-up-1 elementor-widget elementor-widget-aux_modern_heading\" data-id=\"a858972\" data-element_type=\"widget\" data-widget_type=\"aux_modern_heading.default\">\n\t\t\t\t<div class=\"elementor-widget-container\">\n\t\t\t\t\t<section class=\"aux-widget-modern-heading\">\n            <div class=\"aux-widget-inner\"><h2 class=\"aux-modern-heading-primary\">No solo vendemos productos<\/h2><h3 class=\"aux-modern-heading-secondary\"><span class=\"aux-head-before\">Aportamos soluciones<\/span><span class=\"aux-head-highlight\">t\u00e9cnicas<\/span><span class=\"aux-head-after\">confiables.<\/span><\/h3><div class=\"aux-modern-heading-description\"><p>Nuestro equipo brinda acompa\u00f1amiento t\u00e9cnico antes, durante y despu\u00e9s de la compra. Analizamos tu proyecto, resolvemos dudas t\u00e9cnicas y te ayudamos a tomar decisiones informadas para optimizar costos, eficiencia y seguridad en tus procesos industriales.<\/p><\/div><\/div>\n        <\/section>\t\t\t\t<\/div>\n\t\t\t\t<\/div>\n\t\t\t\t<\/div>\n\t\t<div class=\"elementor-element elementor-element-5ca3e7f e-con-full e-flex e-con e-child\" data-id=\"5ca3e7f\" data-element_type=\"container\">\n\t\t\t\t<div class=\"elementor-element elementor-element-42079c2 aux-appear-watch-animation aux-fade-in-up-1 elementor-widget elementor-widget-text-editor\" data-id=\"42079c2\" data-element_type=\"widget\" data-widget_type=\"text-editor.default\">\n\t\t\t\t<div class=\"elementor-widget-container\">\n\t\t\t\t\t\t\t\t\t<h2 data-start=\"932\" data-end=\"960\">\u2699\ufe0f Soluciones a la medida<\/h2><p data-start=\"962\" data-end=\"1217\">Trabajamos con equipos y accesorios dise\u00f1ados para aplicaciones exigentes en agua, hidrocarburos y gas. Nos adaptamos a proyectos nuevos, reemplazos, mejoras de sistemas existentes o mantenimiento industrial, siempre priorizando confiabilidad y desempe\u00f1o.<\/p>\t\t\t\t\t\t\t\t<\/div>\n\t\t\t\t<\/div>\n\t\t\t\t<div class=\"elementor-element elementor-element-76caf8d aux-appear-watch-animation aux-fade-in-up-1 elementor-widget elementor-widget-text-editor\" data-id=\"76caf8d\" data-element_type=\"widget\" data-widget_type=\"text-editor.default\">\n\t\t\t\t<div class=\"elementor-widget-container\">\n\t\t\t\t\t\t\t\t\t<p><strong>ConainMex<\/strong> es la elecci\u00f3n de empresas que buscan precisi\u00f3n, respaldo t\u00e9cnico y soluciones industriales confiables.<\/p>\t\t\t\t\t\t\t\t<\/div>\n\t\t\t\t<\/div>\n\t\t\t\t<\/div>\n\t\t\t\t<\/div>\n\t\t\t\t<\/div>\n\t\t","protected":false},"excerpt":{"rendered":"<p>\u00bfPOR QU\u00c9 ELEGIRNOS? Somos especialistas en controlesy accesorios industriales Con una visi\u00f3n enfocada en la innovaci\u00f3n, calidad y fiabilidad. En ConainMex entendemos que cada proceso industrial es diferente. Por eso ofrecemos soluciones personalizadas con\u00a0t\u00e9cnicas confiables. Nuestro Objetivo Brindar soluciones integrales que acompa\u00f1en a tu negocio desde la selecci\u00f3n del equipo adecuado hasta su instalaci\u00f3n y [&hellip;]<\/p>\n","protected":false},"author":1,"featured_media":0,"parent":0,"menu_order":0,"comment_status":"closed","ping_status":"closed","template":"templates\/page-builder-content.php","meta":{"footnotes":""},"class_list":["post-106","page","type-page","status-publish","hentry"],"_links":{"self":[{"href":"https:\/\/conainmex.mx\/index.php\/wp-json\/wp\/v2\/pages\/106","targetHints":{"allow":["GET"]}}],"collection":[{"href":"https:\/\/conainmex.mx\/index.php\/wp-json\/wp\/v2\/pages"}],"about":[{"href":"https:\/\/conainmex.mx\/index.php\/wp-json\/wp\/v2\/types\/page"}],"author":[{"embeddable":true,"href":"https:\/\/conainmex.mx\/index.php\/wp-json\/wp\/v2\/users\/1"}],"replies":[{"embeddable":true,"href":"https:\/\/conainmex.mx\/index.php\/wp-json\/wp\/v2\/comments?post=106"}],"version-history":[{"count":9,"href":"https:\/\/conainmex.mx\/index.php\/wp-json\/wp\/v2\/pages\/106\/revisions"}],"predecessor-version":[{"id":225,"href":"https:\/\/conainmex.mx\/index.php\/wp-json\/wp\/v2\/pages\/106\/revisions\/225"}],"wp:attachment":[{"href":"https:\/\/conainmex.mx\/index.php\/wp-json\/wp\/v2\/media?parent=106"}],"curies":[{"name":"wp","href":"https:\/\/api.w.org\/{rel}","templated":true}]}}